 j be y + 6/(0 + 2). Suppose -4*r + 2*r + j = n, -654 = -2*r + 5*n. Is r composite?
True
Is -47 - -501960 - ((3 - -3) + -4) a prime number?
True
Let j(f) = -3*f**2 + 2*f - 1. Let q be j(1). Let x be (-3)/(-1) + (1267 + -4 - q). Suppose 0 = -3*h + 7*h - x. Is h prime?
True
Is 148/(-1258) + (-2)/(68/(-16471814)) a composite number?
True
Let k = 7966 + -7344. Is k composite?
True
Let m(b) = 160*b**3 + 10*b**2 - 12*b + 6. Let t be m(8). Suppose 5*q - 2*k - 82472 = k, t = 5*q - 5*k. Is q a prime number?
False
Let u(b) = 17*b**2 + 40*b - 19*b**2 + 21 + 7*b**2 + 16*b**2. Is u(10) prime?
True
Suppose -104*j + 1275227 = -6733085. Is j a composite number?
False
Let w(t) = 243220*t - 2043. Is w(2) a prime number?
True
Let z be (-12)/(-16)*(-32)/(-6). Suppose -z*h + 2*f + f + 39899 = 0, 0 = -f + 3. Is h prime?
False
Let i = -51 - 18. Let f = -63 - i. Is 2/4 + (-11505)/(-10) + f a composite number?
True
Let f(x) = x**3 + 7*x**2 - 3*x - 12. Let s be f(-7). Suppose -3*y + s + 18 = 5*o, -y = 5*o - 19. Let a(c) = 333*c**2 + 2. Is a(o) a prime number?
True
Let p = -4114 + 4980. Is p composite?
True
Let g(s) = s**3 + 24*s**2 - 22*s + 79. Let c be g(-25). Let o(a) be the third derivative of a**6/20 + a**5/60 + a**4/4 - 11*a**3/6 - a**2. Is o(c) prime?
False
Suppose u - 3*c + 21 = 5, 13 = -u + 4*c. Let l(k) = -352*k + 139. Is l(u) a prime number?
False
Suppose 0 = 2*p + 31 - 35. Suppose 2*f = -p*o + 308, 3*o - 20 = -f + 124. Is f composite?
True
Suppose 2943*h = 2952*h - 818145. Is h a prime number?
False
Let o = -5332 + 2104. Let c = -1763 - o. Is c a prime number?
False
Let c be (-3)/(-2)*(-1888)/(-6). Let l = c - 305. Is l composite?
False
Is ((-362013)/(-6))/((-1)/(-2)*1) prime?
True
Suppose 21*z - 46*z = -44*z + 2058517. Is z a prime number?
True
Suppose -5*t = -2*s - 94033, 55*t = 47*t - 3*s + 150490. Is t a composite number?
True
Suppose 4*r + 137746 = 2*t - 4*t, -3*t - 137751 = 4*r. Let f be 2/(-3*(-12)/r). Let k = 3468 + f. Is k prime?
False
Let w(n) = -2*n**3 - 39*n**2 + 26*n - 24. Let h(f) = f**3 + 13*f**2 - 9*f + 8. Let k(i) = 8*h(i) + 3*w(i). Suppose 177*c = 161*c + 144. Is k(c) composite?
True
Let s = -359 - -364. Suppose -s*z + 4*z + 2*n + 3621 = 0, -4*n = -3*z + 10873. Is z composite?
False
Suppose -32*b + 2453072 = 322608. Is b prime?
False
Suppose 9*b = b - 8. Is -1 - ((-1)/b)/((-1)/6198) a composite number?
False
Let v = 43724 - 23241. Is v a composite number?
False
Let d = 103102 + -64671. Is d composite?
False
Let x = 17 - 14. Suppose 5*w - 1962 = -2*f - 510, -2*w - 2159 = -3*f. Suppose -2*a - 10 = -0, -f = -x*b + 2*a. Is b prime?
False
Suppose 4*d - 2 + 10 = 0. Let t be 0 + -4 + (-3 - -6). Is 571*(3 + 8/d)*t a composite number?
False
Suppose -133 = -21*u + 2*u. Let r(z) = -z**2 + 10 - 5*z + 6*z + 6*z. Is r(u) composite?
True
Let y be (-2)/(12/(-8) + 1) + 1. Is (-3 - -3335)/1 - y a composite number?
True
Suppose -p = 5 - 15. Suppose -135925 = -15*x - p*x. Is x composite?
False
Let d(o) = 2 + 0*o - 6 - 4 + o. Let g be d(14). Suppose g*i = -0 + 402. Is i composite?
False
Suppose 3*m + 0*m + 5*b - 1074 = 0, 3*b + 1432 = 4*m. Suppose -61 = a - m. Is a + ((-4)/(-2) - 4) a composite number?
True
Suppose 33084 = i + 5*j, 10*j - 15*j = -3*i + 99352. Is i prime?
False
Let j(u) = u**3 - 6*u**2 - 6*u + 32. Let y be j(6). Is (-168)/(-36) + y/6 - -3081 a composite number?
True
Let x(h) = h**3 + 15*h**2 - 9 + 11*h + 2*h**2 + h. Suppose -3*k - 22 = 20. Is x(k) prime?
False
Let g be (-17845 - 1) + 9/(27/(-12)). Let y = 45005 + g. Is y composite?
True
Let a(r) be the third derivative of r**4/24 + 1069*r**3/6 + 143*r**2. Is a(0) composite?
False
Let f(c) = 1021*c + 477. Is f(10) prime?
True
Let y(s) be the first derivative of 19*s - 1/4*s**4 - 8*s**2 + 17/3*s**3 + 29. Is y(16) composite?
False
Suppose 10486601 = 59*o - 0*o. Is o a prime number?
True
Let j = 39 + -26. Let o = j + -13. Suppose 2446 = 2*p + 8*i - 4*i, o = p - 3*i - 1198. Is p a composite number?
False
Suppose 0 = -4*o + 4*f - 3*f + 122, -5*f + 165 = 5*o. Let x = 263 - 103. Let q = x + o. Is q a prime number?
True
Suppose 20*h - 5*t = 16*h + 487632, 3*h - 5*t = 365719. Is h a prime number?
False
Suppose 0 = -3*x - 3*h + 11022, 5*h + 0*h - 14696 = -4*x. Suppose -4*m + 913 = s, -4*s + x = -0*m + 5*m. Is s a prime number?
False
Let g(x) = -x + 14. Let r be g(11). Suppose -5*i + 127 = -2*z, 0*z = r*z + i + 233. Let j = 13 - z. Is j a composite number?
False
Let s(c) = 3923*c - 285. Let p be s(5). Is (0 - 10/25)*p/(-2) a composite number?
True
Suppose f - 3*s + 0*s = -14, f + 3*s + 26 = 0. Let k = f - -20. Suppose 3*m - 4485 = -k*m + 3*t, -3*t = -6. Is m composite?
True
Suppose -101*k + 1694665 + 2218160 = -15479074. Is k composite?
False
Let l be 9/(-27) - 3/(-9). Suppose l = -2*v - 4*z + 1286, 5*z + 3324 = 5*v + 184. Is v composite?
True
Suppose 2*u + 1 = -0*u - 3*f, -3*f = 9. Let z be (u + (0 - 4))/1. Let s(k) = -k**2 + 2*k + 689. Is s(z) a composite number?
True
Is ((-2938 - -7)*9/(-54))/(2/92) composite?
True
Let c = 4265 + -1452. Is c prime?
False
Let b(p) = -7*p**2 + 54*p + 60. Let d(r) = 15*r**2 - 110*r - 119. Let y(w) = -9*b(w) - 4*d(w). Is y(-33) a composite number?
False
Suppose 19*p - 22919 = 20363. Suppose 0 = 103*f - 101*f - p. Is f a composite number?
True
Is (-2)/(4/(-31890)) + (4 - 0) + -2 composite?
True
Suppose -5*x - 150 = -3*s, -5*s = -x - x - 79. Let l = -23 - x. Suppose -1076 = -l*o + 848. Is o composite?
True
Let f = -24146 - -8433. Let r = -8766 - f. Is r prime?
True
Let a(h) = 1768*h + 45. Let j be a(-9). Let t = j + 35090. Is t composite?
True
Let p(q) = 2*q**2 + 427. Let w(j) = -j**3 - j**2 + 1. Let v(y) = -p(y) - w(y). Let x be v(0). Let t = -81 - x. Is t prime?
True
Let g = -194 + 189. Is 149/((-184)/37 - g) a prime number?
False
Let i = -48053 + 70528. Suppose -4*r + i = r. Suppose 2*g + r = 7*g. Is g a composite number?
True
Is 4/(-2) + (-1578398)/(-92) + (-12)/8 a prime number?
False
Suppose -d = 1, -x + d - 4*d = -210. Let i = x + 458. Is i a composite number?
True
Let o(d) = -8*d**3 + 38*d**2 - 8*d - 81. Let b be o(-16). Is 80/100 + b/15 a composite number?
False
Is ((-17730174)/(-9))/14 - (-8)/6 composite?
False
Let q(g) be the first derivative of -g**3/3 - 3*g**2 + 47*g - 5. Let w be q(-27). Let a = 731 + w. Is a composite?
False
Let n(k) = 119*k + 75. Suppose 0 = -t + b + 1, t + b - 65 = -54. Is n(t) prime?
False
Is 122269 + ((-6)/15)/(37/185) a prime number?
True
Let k be -6 + (21/27 - (-2)/9). Is 5/(k/24554)*(-2)/4 a prime number?
True
Suppose 9*l = 8*l + 6. Let p(h) = -h**3 - 10*h**2 - 9*h + 9. Let t be p(-9). Suppose -t*i = -l*i - 447. Is i composite?
False
Suppose 11 = 5*m + 7*k - 11*k, -5*m = -5*k - 15. Let y be m*(331 - 4)*-1. Suppose 0 = -t + 158 + y. Is t a prime number?
False
Let w(y) = -11219*y + 969. Is w(-2) a composite number?
True
Suppose 0 = -18*c + 7*c + 323202. Let s = c - 13331. Is s a composite number?
True
Suppose 14*g + 3*a + 19 = 16*g, -2*g = a - 15. Suppose g*m = 4764 + 668. Is m prime?
False
Suppose 78340 = 6*z - m, -5*m + 29658 = 3*z - 9523. Is z a prime number?
False
Let g(o) = -4 + 2 - 9 + o**3 - 17*o. Let a(r) = -14*r**2 - 802*r - 222. Let p be a(-57). Is g(p) prime?
True
Let r be 6/(1 + 2) + -5. Let k be r/(-18) + (-850)/(-12). Let u = k - -246. Is u prime?
True
Suppose -33*k - 13624117 = 97*k - 76493547. Is k a composite number?
False
Suppose 0 = 3*r + 66 - 63, 5*r = q - 367. Let j(u) = -69*u + 2. Let m be j(-3). Let v = q + m. Is v a composite number?
False
Suppose -5*v + 159472 = -172685 - 380788. Is v prime?
True
Let n = -13281 - -92864. Is n a prime number?
False
Suppose 0 = 7*r - 25 - 73. Suppose r*z = -1041 + 3295. Is z a prime number?
False
Let v = -85 - -99. Suppose -h - 2*m = 2*h - 19175, -m = 3*h - 19174. Is ((-4)/v - 312/84) + h a composite number?
True
Let p = -10 + 13. Suppose -2*l + 3*c = -1402, -p*l + 5*c + 2103 = 4*c. Is l a composite number?
False
Let u be (4/(-10))/(238/(-120) + 2). Let n be 2/8 + 1/(u/(-11394)). Suppose -s + n = -2914. Is s a prime number?
True
Suppose -6*j + 4190546 = -29*r + 30*r, 5*j - 3492099 = 2*r. Is j prime?
False
Suppose 2*u + 22959 = 5*g, -2*u + 5054 = -4*g + 28014. Let m = u - -25019. Is m composite?
False
Let v = 76784 - 42722. Suppose -3*m + 4*q - 10009 = -v, -8007 = -m + 4*q. Is m a